 a factor of 2106?
True
Is 250 a multiple of 10?
True
Does 22 divide 22968?
True
Is 10 a factor of 456?
False
Is 30 a factor of 119250?
True
Does 173 divide 10034?
True
Is 36435 a multiple of 15?
True
Does 99 divide 5505?
False
Is 36 a factor of 10424?
False
Is 10 a factor of 817?
False
Is 9 a factor of 47?
False
Does 40 divide 14840?
True
Is 12 a factor of 19464?
True
Is 19731 a multiple of 23?
False
Does 98 divide 3461?
False
Is 11782 a multiple of 86?
True
Is 84 a multiple of 21?
True
Does 43 divide 978?
False
Is 34 a factor of 5268?
False
Is 44 a factor of 1100?
True
Is 18 a multiple of 6?
True
Does 85 divide 4505?
True
Is 7 a factor of 94?
False
Does 33 divide 7557?
True
Is 6909 a multiple of 47?
True
Is 17 a factor of 19665?
False
Is 19 a factor of 7540?
False
Does 55 divide 125?
False
Is 12 a factor of 21272?
False
Does 403 divide 116847?
False
Is 22204 a multiple of 9?
False
Does 60 divide 3177?
False
Is 51811 a multiple of 197?
True
Does 54 divide 29994?
False
Is 84 a factor of 5578?
False
Does 16 divide 3392?
True
Does 3 divide 2232?
True
Is 44416 a multiple of 32?
True
Is 18 a factor of 2075?
False
Is 3076 a multiple of 6?
False
Does 14 divide 3276?
True
Does 9 divide 4436?
False
Does 50 divide 118782?
False
Does 5 divide 1165?
True
Does 40 divide 1358?
False
Does 109 divide 76864?
False
Is 2872 a multiple of 8?
True
Is 28116 a multiple of 132?
True
Is 77665 a multiple of 291?
False
Does 16 divide 2496?
True
Is 12 a factor of 24?
True
Does 7 divide 710?
False
Does 12 divide 231?
False
Is 14 a factor of 4786?
False
Is 12856 a multiple of 8?
True
Is 76 a multiple of 19?
True
Does 45 divide 58467?
False
Is 110 a factor of 27390?
True
Is 4047 a multiple of 33?
False
Is 3458 a multiple of 19?
True
Is 17 a factor of 5610?
True
Does 14 divide 5348?
True
Does 16 divide 3264?
True
Is 600 a multiple of 9?
False
Does 36 divide 9164?
False
Is 56 a factor of 889?
False
Is 8 a factor of 8120?
True
Does 41 divide 698?
False
Is 549 a multiple of 61?
True
Does 22 divide 331?
False
Is 120 a multiple of 4?
True
Is 110 a factor of 2200?
True
Does 6 divide 229?
False
Is 27 a multiple of 2?
False
Is 2037 a multiple of 97?
True
Does 22 divide 1584?
True
Is 54 a factor of 12298?
False
Does 41 divide 22386?
True
Is 21 a factor of 11781?
True
Does 61 divide 4758?
True
Is 5175 a multiple of 25?
True
Does 16 divide 42095?
False
Does 14 divide 1078?
True
Does 13 divide 140?
False
Is 1898 a multiple of 26?
True
Is 2425 a multiple of 25?
True
Is 27 a factor of 918?
True
Is 201 a multiple of 17?
False
Is 1843 a multiple of 16?
False
Does 9 divide 2539?
False
Is 28 a factor of 737?
False
Is 4 a factor of 179?
False
Is 928 a multiple of 16?
True
Is 17 a factor of 12019?
True
Is 25625 a multiple of 37?
False
Is 292 a multiple of 4?
True
Is 66 a factor of 2376?
True
Does 71 divide 2627?
True
Is 16 a factor of 416?
True
Is 42 a multiple of 2?
True
Does 38 divide 9272?
True
Is 167 a factor of 15553?
False
Is 23 a factor of 7530?
False
Does 59 divide 2419?
True
Is 260 a multiple of 20?
True
Is 47 a factor of 282?
True
Is 8 a factor of 5656?
True
Does 294 divide 21616?
False
Is 169 a multiple of 27?
False
Is 76 a factor of 3800?
True
Is 310 a multiple of 5?
True
Is 15 a multiple of 2?
False
Is 124 a factor of 1488?
True
Is 11 a factor of 121?
True
Does 108 divide 6048?
True
Is 392 a multiple of 8?
True
Is 4968 a multiple of 24?
True
Does 2 divide 6869?
False
Does 6 divide 7103?
False
Is 65400 a multiple of 75?
True
Does 101 divide 2828?
True
Is 1374 a multiple of 17?
False
Is 28 a factor of 40152?
True
Does 12 divide 8203?
False
Does 3 divide 2694?
True
Is 25 a multiple of 3?
False
Is 1024 a multiple of 16?
True
Does 3 divide 43?
False
Is 15512 a multiple of 14?
True
Is 127344 a multiple of 12?
True
Is 10 a factor of 33170?
True
Does 6 divide 1768?
False
Does 2 divide 170?
True
Is 30150 a multiple of 201?
True
Is 17 a factor of 1818?
False
Is 9 a factor of 297?
True
Does 3 divide 14243?
False
Is 2657 a multiple of 7?
False
Is 558 a multiple of 14?
False
Does 35 divide 1002?
False
Is 140 a factor of 916?
False
Is 13 a factor of 208?
True
Does 57 divide 9006?
True
Is 26 a factor of 1037?
False
Does 50 divide 717?
False
Is 11 a factor of 264?
True
Is 864 a multiple of 16?
True
Does 152 divide 6242?
False
Is 12 a factor of 984?
True
Does 7 divide 42?
True
Is 27 a factor of 2428?
False
Is 44 a factor of 3968?
False
Is 87 a factor of 2958?
True
Is 19 a factor of 6631?
True
Is 16176 a multiple of 22?
False
Is 11699 a multiple of 19?
False
Is 7 a factor of 2553?
False
Does 12 divide 17004?
True
Is 14030 a multiple of 87?
False
Is 229 a multiple of 18?
False
Does 7 divide 21152?
False
Does 16 divide 28323?
False
Is 33 a factor of 1282?
False
Does 7 divide 644?
True
Does 20 divide 1320?
True
Does 5 divide 401?
False
Is 3246 a multiple of 17?
False
Does 16 divide 168?
False
Is 413 a multiple of 15?
False
Does 23 divide 1053?
False
Is 112 a multiple of 8?
True
Is 237 a multiple of 3?
True
Is 14 a factor of 16?
False
Is 644 a multiple of 46?
True
Is 32 a multiple of 8?
True
Is 15 a factor of 12240?
True
Is 17816 a multiple of 121?
False
Is 35351 a multiple of 29?
True
Is 27966 a multiple of 325?
False
Does 98 divide 2641?
False
Is 240 a factor of 86509?
False
Does 7 divide 238?
True
Is 1731 a multiple of 25?
False
Is 40 a factor of 75752?
False
Does 5 divide 935?
True
Does 14 divide 16076?
False
Is 9800 a multiple of 14?
True
Does 12 divide 24449?
False
Is 6 a factor of 3456?
True
Is 13 a factor of 10033?
False
Does 35 divide 21455?
True
Is 6 a factor of 548?
False
Does 26 divide 139?
False
Is 2182 a multiple of 15?
False
Is 53 a factor of 16907?
True
Does 66 divide 1168?
False
Is 24 a factor of 73207?
False
Is 256 a multiple of 6?
False
Is 5 a factor of 811?
False
Is 174 a multiple of 29?
True
Is 351 a multiple of 12?
False
Is 154 a multiple of 56?
False
Is 2478 a multiple of 21?
True
Does 6 divide 37386?
True
Is 57 a factor of 5314?
False
Is 1232 a multiple of 44?
True
Does 4 divide 752?
True
Does 40 divide 29440?
True
Is 120 a factor of 43680?
True
Is 26 a factor of 11284?
True
Is 3 a factor of 189?
True
Does 5 divide 4714?
False
Is 5 a factor of 26?
False
Does 20 divide 587?
False
Is 6088 a multiple of 6?
False
Is 4 a factor of 27?
False
Is 18 a factor of 8205?
False
Does 80 divide 32800?
True
Is 11 a factor of 26609?
True
Is 27520 a multiple of 14?
False
Is 23 a factor of 38923?
False
Does 139 divide 9300?
False
Is 30 a factor of 9360?
True
Does 44 divide 3021?
False
Does 19 divide 37190?
False
Is 1316 a multiple of 20?
False
Does 60 divide 1680?
True
Does 32 divide 736?
True
Does 215 divide 102207?
False
Does 108 divide 2052?
True
Does 20 divide 2180?
True
Is 8 a factor of 44737?
False
Does 4 divide 28?
True
Is 32717 a multiple of 25?
False
Is 29 a factor of 3376?
False
Is 2289 a multiple of 7?
True
Is 83 a factor of 2407?
True
Is 29 a factor of 26477?
True
Is 3475 a multiple of 139?
True
Is 243 a multiple of 81?
True
Is 45 a factor of 270?
True
Is 18 a factor of 2452?
False
Is 10166 a multiple of 131?
False
Is 417 a multiple of 17?
False
Is 3 a factor of 42?
True
Is 1177 a multiple of 9?
False
Does 42 divide 6743?
False
Is 40 a factor of 645?
False
Does 378 divide 17226?
False
Does 24 divide 334?
False
Is 37 a factor of 81421?
False
Is 6 a factor of 216?
True
Is 27436 a multiple of 14?
False
Does 10 divide 91827?
False
Does 2 divide 662?
True
Is 1798 a multiple of 3?
False
Is 994 a multiple of 131?
False
Is 197 a factor of 274?
False
Is 2351 a multiple of 8?
False
Does 8 divide 22272?
True
Is 16426 a multiple of 86?
True
Is 85 a factor of 19494?
False
Does 108 divide 5161?
False
Is 34888 a multiple of 14?
True
Is 2940 a multiple of 35?
True
Is 106 a factor of 6360?
True
Does 35 divide 315?
True
Is 12 a factor of 40957?
False
Does 9 divide 3060?
True
Does 37 divide 111?
True
Is 16576 a multiple of 224?
True
Is 13 a factor of 1877?
False
Does 203 divide 8447?
False
Is 5390 a multiple of 77?
True
Is 2328 a multiple of 97?
True
Is 4 a factor of 13478?
False
Does 30 divide 3150?
True
Is 19 a factor of 20824?
True
Is 14 a factor of 18304?
False
Is 109 even?
False
Does 20 divide 812?
False
Is 21 a factor of 147?
True
Does 97 divide 69438?
False
Does 11 divide 1540?
True
Does 6 di